{"id":21,"date":"2014-09-26T17:23:32","date_gmt":"2014-09-26T17:23:32","guid":{"rendered":"http:\/\/192.168.1.104\/enfold-photography\/?page_id=21"},"modified":"2024-10-08T02:06:14","modified_gmt":"2024-10-08T02:06:14","slug":"gioi-thieu","status":"publish","type":"page","link":"https:\/\/tienganhdehoc.com\/?page_id=21","title":{"rendered":"GI\u1edaI THI\u1ec6U"},"content":{"rendered":"<div id='full_slider_1'  class='avia-fullwidth-slider main_color avia-shadow   avia-builder-el-0  el_before_av_layout_row  avia-builder-el-first   container_wrap fullsize'  ><div  class='avia-slideshow av-jbr5t-2108da59878f94c0a92a43ffea7ed268 avia-slideshow-featured_large av_slideshow_full avia-fade-slider av-slideshow-ui av-control-minimal av-slideshow-manual av-loop-once av-loop-manual-endless av-default-height-applied   avia-slideshow-1' data-slideshow-options=\"{&quot;animation&quot;:&quot;fade&quot;,&quot;autoplay&quot;:false,&quot;loop_autoplay&quot;:&quot;once&quot;,&quot;interval&quot;:5,&quot;loop_manual&quot;:&quot;manual-endless&quot;,&quot;autoplay_stopper&quot;:false,&quot;noNavigation&quot;:false,&quot;bg_slider&quot;:false,&quot;keep_padding&quot;:false,&quot;hoverpause&quot;:false,&quot;show_slide_delay&quot;:0}\"  itemprop=\"image\" itemscope=\"itemscope\" itemtype=\"https:\/\/schema.org\/ImageObject\" ><ul class='avia-slideshow-inner ' style='padding-bottom: 42%;'><li  class='avia-slideshow-slide av-jbr5t-2108da59878f94c0a92a43ffea7ed268__0  av-single-slide slide-1 slide-odd'><div data-rel='slideshow-1' class='avia-slide-wrap '   ><img decoding=\"async\" fetchpriority=\"high\" class=\"wp-image-827 avia-img-lazy-loading-not-827\"  src=\"https:\/\/tienganhdehoc.com\/wp-content\/uploads\/2024\/10\/never-stop-learning-newsletter-05-1500x630.jpg\" width=\"1500\" height=\"630\" title='never-stop-learning-newsletter-05' alt=''  itemprop=\"thumbnailUrl\"   \/><\/div><\/li><\/ul><\/div><\/div>\n<div id='av-layout-grid-1'  class='av-layout-grid-container av-hsck9-16d36ef9bdc1fae68836655c5406788e entry-content-wrapper main_color av-flex-cells  avia-builder-el-1  el_after_av_slideshow_full  el_before_av_one_full  grid-row-not-first  container_wrap fullsize'  >\n\n<style type=\"text\/css\" data-created_by=\"avia_inline_auto\" id=\"style-css-av-eyjil-e4f06cf26b083777b63b8c73ab489779\">\n.flex_cell.av-eyjil-e4f06cf26b083777b63b8c73ab489779{\nvertical-align:top;\nbackground-color:#f7f7f7;\n}\n.responsive #top #wrap_all .flex_cell.av-eyjil-e4f06cf26b083777b63b8c73ab489779{\npadding:30px 30px 30px 30px !important;\n}\n<\/style>\n<div class='flex_cell av-eyjil-e4f06cf26b083777b63b8c73ab489779 av-gridrow-cell av_one_full no_margin  avia-builder-el-2  avia-builder-el-no-sibling '  ><div class='flex_cell_inner'><p><br \/>\n\n<style type=\"text\/css\" data-created_by=\"avia_inline_auto\" id=\"style-css-av-drxsp-8540e2fd845275d640ddfcf403c2ac41\">\n#top .av_textblock_section.av-drxsp-8540e2fd845275d640ddfcf403c2ac41 .avia_textblock{\ncolor:#1e0008;\n}\n<\/style>\n<section  class='av_textblock_section av-drxsp-8540e2fd845275d640ddfcf403c2ac41 '   itemscope=\"itemscope\" itemtype=\"https:\/\/schema.org\/CreativeWork\" ><div class='avia_textblock av_inherit_color'  itemprop=\"text\" ><p><strong>\u0110\u00e2y l\u00e0 website d\u00e0nh ri\u00eang cho c\u00e1c h\u1ecdc vi\u00ean \u0111\u00e3 v\u00e0 \u0111ang h\u1ecdc ti\u1ebfng Anh v\u1edbi Lec. Duclee<\/strong><\/p>\n<p>C\u00e1c t\u00e0i li\u1ec7u \u0111\u01b0\u1ee3c chia s\u1ebb tr\u00ean website n\u00e0y \u0111\u01b0\u1ee3c t\u1ed5ng h\u1ee3p t\u1eeb nhi\u1ec1u ngu\u1ed3n kh\u00e1c nhau v\u00e0 \u0111\u01b0\u1ee3c s\u1eed d\u1ee5ng ho\u00e0n to\u00e0n mi\u1ec5n ph\u00ed \u0111\u1ec3 gi\u00fap h\u1ecdc vi\u00ean n\u00e2ng cao ki\u1ebfn th\u1ee9c cho c\u00e1c k\u1ef3 thi ti\u1ebfng Anh.<\/p>\n<p><strong>H\u01b0\u1edbng d\u1eabn s\u1eed d\u1ee5ng website:<\/strong><\/p>\n<p><span style=\"text-decoration: underline;\"><em>1. \u0110\u1ed1i v\u1edbi h\u1ecdc sinh ph\u1ed5 th\u00f4ng (L\u1edbp 6-12)<\/em><\/span><\/p>\n<p>C\u00e1c em ch\u1ecdn l\u1edbp ph\u00f9 h\u1ee3p \u1edf g\u00f3c tr\u00ean b\u00ean ph\u1ea3i trong m\u1ee5c <strong>TI\u1ebeNG ANH PH\u1ed4 TH\u00d4NG<\/strong>. Trong n\u00e0y c\u00f3 c\u00e1c b\u00e0i ki\u1ebfn th\u1ee9c Ng\u1eef ph\u00e1p + T\u1eeb v\u1ef1ng + Nghe hi\u1ec3u b\u00e1m s\u00e1t ch\u01b0\u01a1ng tr\u00ecnh v\u00e0 n\u1ed9i dung h\u1ecdc tr\u00ean l\u1edbp c\u1ee7a c\u00e1c em, ngo\u00e0i ra s\u1ebd c\u00f3 th\u00eam c\u00e1c b\u00e0i \u0110\u1ecdc th\u00eam + Nghe hi\u1ec3u, Luy\u1ec7n t\u1eadp t\u1eeb v\u1ef1ng \u0111\u1ec3 m\u1edf r\u1ed9ng ki\u1ebfn th\u1ee9c, gi\u00fap c\u00e1c em nh\u1edb b\u00e0i v\u00e0 \u0111\u1ea1t k\u1ebft qu\u1ea3 t\u1ed1t tr\u00ean l\u1edbp.<\/p>\n<p>Link ph\u1ea7n n\u00e0y:<\/p>\n<p><strong><a href=\"https:\/\/tienganhdehoc.com\/?page_id=66\" target=\"_blank\" rel=\"noopener\">TIENGANHPHOTHONG<\/a><\/strong><\/p>\n<p><span style=\"text-decoration: underline;\"><em>2. \u0110\u1ed1i v\u1edbi c\u00e1c h\u1ecdc vi\u00ean l\u1edbp IELTS<\/em><\/span><\/p>\n<p>C\u00e1c b\u1ea1n ch\u1ecdn m\u1ee5c <strong>LUY\u1ec6N THI IELTS<\/strong> \u0111\u1ec3 l\u1ea5y c\u00e1c t\u00e0i luy\u1ec7n tham kh\u1ea3o, luy\u1ec7n th\u00eam c\u00e1c k\u1ef9 n\u0103ng Nghe, \u0110\u1ecdc v\u00e0 Vi\u1ebft. M\u1ed9t s\u1ed1 Ki\u1ebfn th\u1ee9c ng\u1eef ph\u00e1p cho ph\u1ea7n Writing v\u00e0 b\u00e0i vi\u1ebft m\u1eabu \u0111i\u1ec3n h\u00ecnh c\u0169ng nh\u01b0 nh\u1eefng b\u00e0i nghe t\u0103ng th\u00eam ki\u1ebfn th\u1ee9c c\u0169ng s\u1ebd \u0111\u0103ng l\u00ean tr\u00ean m\u1ee5c n\u00e0y.<\/p>\n<p>Link ph\u1ea7n n\u00e0y:<\/p>\n<p><strong><a href=\"https:\/\/tienganhdehoc.com\/?page_id=492\" target=\"_blank\" rel=\"noopener\">IELTSPRACTICE<\/a>\u00a0<\/strong><\/p>\n<p><span style=\"text-decoration: underline;\"><em>3. \u0110\u1ed1i v\u1edbi c\u00e1c b\u1ea1n h\u1ecdc vi\u00ean v\u00e0 ng\u01b0\u1eddi h\u1ecdc ti\u1ebfng Anh n\u00f3i chung mu\u1ed1n c\u00f3 th\u00eam t\u00e0i li\u1ec7u h\u1ecdc ti\u1ebfng Anh<\/em><\/span><\/p>\n<p>C\u00e1c b\u1ea1n ch\u1ecdn m\u1ee5c H\u1eccC LI\u1ec6U \u0111\u1ec3 l\u1ea5y c\u00e1c t\u00e0i luy\u1ec7n tham kh\u1ea3o, c\u00e1c video clip, b\u00e0i \u0111\u1ecdc, c\u00e1c s\u00e1ch v\u00e0 t\u1ea1p ch\u00ed tham kh\u1ea3o \u0111\u1ec1u \u0111\u01b0\u1ee3c \u0111\u0103ng \u1edf \u0111\u00e2y, trong \u0111\u00f3 s\u00e1ch v\u00e0 t\u1ea1p ch\u00ed \u0111\u1ec1u l\u00e0 b\u1ea3n PDF \u0111\u1eb9p c\u00f3 th\u1ec3 d\u00f9ng in ra v\u1edbi ch\u1ea5t l\u01b0\u1ee3ng cao \u0111\u01b0\u1ee3c.<\/p>\n<p>Link ph\u1ea7n n\u00e0y:<\/p>\n<p><strong><a href=\"https:\/\/tienganhdehoc.com\/?page_id=491\" target=\"_blank\" rel=\"noopener\">HOCLIEU<\/a><\/strong><\/p>\n<p>Ngo\u00e0i c\u00e1c ph\u1ea7n ch\u00ednh ra, c\u00f2n c\u00f3 m\u1ed9t ph\u1ea7n \u0111\u0103ng t\u1ea3i c\u00e1c truy\u1ec7n ng\u1eafn, b\u00e0i b\u00e1o ch\u1ecdn l\u1ecdc \u0111\u01b0\u1ee3c d\u1ecbch \u0111\u1ec3 c\u00e1c h\u1ecdc vi\u00ean c\u00f3 th\u1ec3 \u0111\u1ecdc th\u00eam trong l\u00fac r\u1ea3nh r\u1ed7i. C\u00e1c b\u00e0i n\u00e0y \u0111\u01b0\u1ee3c t\u1eadp h\u1ee3p trong m\u1ee5c TRUY\u1ec6N D\u1ecaCH<\/p>\n<p>Link ph\u1ea7n n\u00e0y:<\/p>\n<p><strong><a href=\"https:\/\/tienganhdehoc.com\/?page_id=490\" target=\"_blank\" rel=\"noopener\">TRUYENDICH<\/a><\/strong><\/p>\n<p>Hy v\u1ecdng v\u1edbi nh\u1eefng t\u00e0i li\u1ec7u v\u00e0 ki\u1ebfn th\u1ee9c tr\u00ean ph\u1ea1m vi trang web n\u00e0y s\u1ebd gi\u00fap c\u00e1c em h\u1ecdc vi\u00ean n\u00f3i ri\u00eang v\u00e0 ng\u01b0\u1eddi h\u1ecdc ti\u1ebfng Anh n\u00f3i chung n\u00e2ng cao \u0111\u01b0\u1ee3c k\u1ef9 n\u0103ng ng\u00f4n ng\u1eef m\u1ed9t c\u00e1ch t\u1ef1 nhi\u00ean.<\/p>\n<\/div><\/section><\/p>\n<\/div><\/div><\/div><div id='after_grid_row_1'  class='main_color av_default_container_wrap container_wrap fullsize'  ><div class='container av-section-cont-open' ><div class='template-page content  av-content-full alpha units'><div class='post-entry post-entry-type-page post-entry-21'><div class='entry-content-wrapper clearfix'><div  class='flex_column av-2h4yt-a58087f4781fdc84f34f58e6223eb37e av_one_full  avia-builder-el-5  el_after_av_layout_row  el_before_av_one_full  avia-builder-el-first  first flex_column_div  '     ><\/div><\/p>\n<div  class='flex_column av-27mg9-d59d9798f2b909436565afe1462751a2 av_one_full  avia-builder-el-6  el_after_av_one_full  el_before_av_one_full  first flex_column_div  column-top-margin'     ><\/div>\n<div  class='flex_column av-1r7sd-291a01574644b491df29eef890311b7d av_one_full  avia-builder-el-7  el_after_av_one_full  el_before_av_one_full  first flex_column_div  column-top-margin'     ><\/div>\n<div  class='flex_column av-13m3h-c42014ccd746ccb0f538cc0740aab199 av_one_full  avia-builder-el-8  el_after_av_one_full  avia-builder-el-last  first flex_column_div  column-top-margin'     ><\/div>\n","protected":false},"excerpt":{"rendered":"","protected":false},"author":1,"featured_media":0,"parent":0,"menu_order":0,"comment_status":"open","ping_status":"closed","template":"","meta":{"footnotes":""},"class_list":["post-21","page","type-page","status-publish","hentry"],"_links":{"self":[{"href":"https:\/\/tienganhdehoc.com\/index.php?rest_route=\/wp\/v2\/pages\/21","targetHints":{"allow":["GET"]}}],"collection":[{"href":"https:\/\/tienganhdehoc.com\/index.php?rest_route=\/wp\/v2\/pages"}],"about":[{"href":"https:\/\/tienganhdehoc.com\/index.php?rest_route=\/wp\/v2\/types\/page"}],"author":[{"embeddable":true,"href":"https:\/\/tienganhdehoc.com\/index.php?rest_route=\/wp\/v2\/users\/1"}],"replies":[{"embeddable":true,"href":"https:\/\/tienganhdehoc.com\/index.php?rest_route=%2Fwp%2Fv2%2Fcomments&post=21"}],"version-history":[{"count":12,"href":"https:\/\/tienganhdehoc.com\/index.php?rest_route=\/wp\/v2\/pages\/21\/revisions"}],"predecessor-version":[{"id":829,"href":"https:\/\/tienganhdehoc.com\/index.php?rest_route=\/wp\/v2\/pages\/21\/revisions\/829"}],"wp:attachment":[{"href":"https:\/\/tienganhdehoc.com\/index.php?rest_route=%2Fwp%2Fv2%2Fmedia&parent=21"}],"curies":[{"name":"wp","href":"https:\/\/api.w.org\/{rel}","templated":true}]}}