{"id":490,"date":"2024-09-11T14:16:55","date_gmt":"2024-09-11T14:16:55","guid":{"rendered":"https:\/\/tienganhdehoc.com\/?page_id=490"},"modified":"2024-09-13T07:58:55","modified_gmt":"2024-09-13T07:58:55","slug":"truyen-dich","status":"publish","type":"page","link":"https:\/\/tienganhdehoc.com\/?page_id=490","title":{"rendered":"TRUY\u1ec6N D\u1ecaCH"},"content":{"rendered":"\n<style type=\"text\/css\" data-created_by=\"avia_inline_auto\" id=\"style-css-av-m10fg0mz-da255aec0fe109d57c8371a7408857b8\">\n#top .av-special-heading.av-m10fg0mz-da255aec0fe109d57c8371a7408857b8{\npadding-bottom:10px;\n}\nbody .av-special-heading.av-m10fg0mz-da255aec0fe109d57c8371a7408857b8 .av-special-heading-tag .heading-char{\nfont-size:25px;\n}\n.av-special-heading.av-m10fg0mz-da255aec0fe109d57c8371a7408857b8 .av-subheading{\nfont-size:15px;\n}\n<\/style>\n<div  class='av-special-heading av-m10fg0mz-da255aec0fe109d57c8371a7408857b8 av-special-heading-h3  avia-builder-el-0  el_before_av_masonry_entries  avia-builder-el-no-sibling '><h3 class='av-special-heading-tag '  itemprop=\"headline\"  >TRUY\u1ec6N D\u1ecaCH<\/h3><div class=\"special-heading-border\"><div class=\"special-heading-inner-border\"><\/div><\/div><\/div>\n<div id='av-masonry-1' class='av-masonry av-stmm-3bfaa11a5a6f4c8a6ec235ecc58b126c noHover av-fixed-size av-large-gap av-hover-overlay-active av-masonry-animation-active av-masonry-col-flexible av-caption-always av-caption-style-overlay av-masonry-entries ' data-post_id=\"490\"><div class=\"av-masonry-container isotope av-js-disabled\"><div class='av-masonry-entry isotope-item av-masonry-item-no-image all_sort bai-viet-moi_sort  truyen-dich_sort '><\/div><a href=\"https:\/\/tienganhdehoc.com\/?p=721\"  id='av-masonry-1-item-721' data-av-masonry-item='721' class='av-masonry-entry isotope-item post-721 post type-post status-publish format-standard has-post-thumbnail hentry category-bai-viet-moi category-truyen-dich all_sort bai-viet-moi_sort  truyen-dich_sort  av-masonry-item-with-image av-grid-img' title=\"church\"   itemscope=\"itemscope\" itemtype=\"https:\/\/schema.org\/CreativeWork\" ><div class='av-inner-masonry-sizer'><\/div><figure class='av-inner-masonry main_color'><div class=\"av-masonry-outerimage-container\"><div class='av-masonry-image-container' style=\"background-image: url(https:\/\/tienganhdehoc.com\/wp-content\/uploads\/2024\/09\/church-705x473.png);\"  title=\"church\" ><\/div><\/div><figcaption class='av-inner-masonry-content site-background'><div class='av-inner-masonry-content-pos'><div class='av-inner-masonry-content-pos-content'><div class='avia-arrow'><\/div><h3 class='av-masonry-entry-title entry-title '  itemprop=\"headline\" >Truy\u1ec7n ng\u1eafn A, B, C, D&#8230;<\/h3><div class='av-masonry-entry-content entry-content'  itemprop=\"text\" >L\u00ea Anh \u0110\u1ee9c d\u1ecbch v\u00e0 ph\u00f3ng t\u00e1c t\u1eeb t\u1eadp truy\u1ec7n ng\u1eafn\u2026<\/div><span class=\"av-masonry-text-sep text-sep-author\">\/<\/span><span class='av-masonry-author meta-color author'><span class='fn'>by admin<\/span><\/span><\/div><\/div><\/figcaption><\/figure><\/a><!--end av-masonry entry--><a href=\"https:\/\/tienganhdehoc.com\/?p=564\"  id='av-masonry-1-item-564' data-av-masonry-item='564' class='av-masonry-entry isotope-item post-564 post type-post status-publish format-standard has-post-thumbnail hentry category-bai-viet-moi category-truyen-dich all_sort bai-viet-moi_sort  truyen-dich_sort  av-masonry-item-with-image av-grid-img' title=\"Praha1981\"   itemscope=\"itemscope\" itemtype=\"https:\/\/schema.org\/CreativeWork\" ><div class='av-inner-masonry-sizer'><\/div><figure class='av-inner-masonry main_color'><div class=\"av-masonry-outerimage-container\"><div class='av-masonry-image-container' style=\"background-image: url(https:\/\/tienganhdehoc.com\/wp-content\/uploads\/2024\/09\/Praha1981-705x460.jpg);\"  title=\"Praha1981\" ><\/div><\/div><figcaption class='av-inner-masonry-content site-background'><div class='av-inner-masonry-content-pos'><div class='av-inner-masonry-content-pos-content'><div class='avia-arrow'><\/div><h3 class='av-masonry-entry-title entry-title '  itemprop=\"headline\" >Praha n\u0103m 1981<\/h3><div class='av-masonry-entry-content entry-content'  itemprop=\"text\" >B\u00e0i d\u1ecbch c\u1ee7a Mr. \u0110\u1ee9c L\u00ea<\/div><span class=\"av-masonry-text-sep text-sep-author\">\/<\/span><span class='av-masonry-author meta-color author'><span class='fn'>by admin<\/span><\/span><\/div><\/div><\/figcaption><\/figure><\/a><!--end av-masonry entry--><a href=\"https:\/\/tienganhdehoc.com\/?p=560\"  id='av-masonry-1-item-560' data-av-masonry-item='560' class='av-masonry-entry isotope-item post-560 post type-post status-publish format-standard has-post-thumbnail hentry category-truyen-dich all_sort truyen-dich_sort  av-masonry-item-with-image av-grid-img' title=\"cungdao\"   itemscope=\"itemscope\" itemtype=\"https:\/\/schema.org\/CreativeWork\" ><div class='av-inner-masonry-sizer'><\/div><figure class='av-inner-masonry main_color'><div class=\"av-masonry-outerimage-container\"><div class='av-masonry-image-container' style=\"background-image: url(https:\/\/tienganhdehoc.com\/wp-content\/uploads\/2024\/09\/cungdao-705x361.webp);\"  title=\"cungdao\" ><\/div><\/div><figcaption class='av-inner-masonry-content site-background'><div class='av-inner-masonry-content-pos'><div class='av-inner-masonry-content-pos-content'><div class='avia-arrow'><\/div><h3 class='av-masonry-entry-title entry-title '  itemprop=\"headline\" >Cung \u0110\u1ea1o<\/h3><div class='av-masonry-entry-content entry-content'  itemprop=\"text\" >\u0110\u1ee9c L\u00ea ph\u1ecfng d\u1ecbch t\u1eeb nguy\u00ean t\u00e1c The Way of the Bow<\/div><span class=\"av-masonry-text-sep text-sep-author\">\/<\/span><span class='av-masonry-author meta-color author'><span class='fn'>by admin<\/span><\/span><\/div><\/div><\/figcaption><\/figure><\/a><!--end av-masonry entry--><a href=\"https:\/\/tienganhdehoc.com\/?p=555\"  id='av-masonry-1-item-555' data-av-masonry-item='555' class='av-masonry-entry isotope-item post-555 post type-post status-publish format-standard has-post-thumbnail hentry category-truyen-dich all_sort truyen-dich_sort  av-masonry-item-with-image av-grid-img' title=\"nhatho\"   itemscope=\"itemscope\" itemtype=\"https:\/\/schema.org\/CreativeWork\" ><div class='av-inner-masonry-sizer'><\/div><figure class='av-inner-masonry main_color'><div class=\"av-masonry-outerimage-container\"><div class='av-masonry-image-container' style=\"background-image: url(https:\/\/tienganhdehoc.com\/wp-content\/uploads\/2024\/09\/nhatho-705x469.webp);\"  title=\"nhatho\" ><\/div><\/div><figcaption class='av-inner-masonry-content site-background'><div class='av-inner-masonry-content-pos'><div class='av-inner-masonry-content-pos-content'><div class='avia-arrow'><\/div><h3 class='av-masonry-entry-title entry-title '  itemprop=\"headline\" >Ti\u1ebfng \u0111\u00e0n guitar trong ng\u00f4i nh\u00e0 th\u1edd<\/h3><div class='av-masonry-entry-content entry-content'  itemprop=\"text\" >B\u00e0i d\u1ecbch c\u1ee7a Mr. \u0110\u1ee9c L\u00ea<\/div><span class=\"av-masonry-text-sep text-sep-author\">\/<\/span><span class='av-masonry-author meta-color author'><span class='fn'>by admin<\/span><\/span><\/div><\/div><\/figcaption><\/figure><\/a><!--end av-masonry entry--><a href=\"https:\/\/tienganhdehoc.com\/?p=552\"  id='av-masonry-1-item-552' data-av-masonry-item='552' class='av-masonry-entry isotope-item post-552 post type-post status-publish format-gallery has-post-thumbnail hentry category-bai-viet-moi category-truyen-dich post_format-post-format-gallery all_sort bai-viet-moi_sort  truyen-dich_sort  av-masonry-item-with-image av-grid-img' title=\"Chi\u1ebfn l\u01b0\u1ee3c doanh nghi\u1ec7p trong c\u00f4ng cu\u1ed9c t\u00e1i l\u1eadp h\u00ecnh \u1ea3nh cho giai \u0111o\u1ea1n b\u00ecnh th\u01b0\u1eddng m\u1edbi\"   itemscope=\"itemscope\" itemtype=\"https:\/\/schema.org\/CreativeWork\" ><div class='av-inner-masonry-sizer'><\/div><figure class='av-inner-masonry main_color'><div class=\"av-masonry-outerimage-container\"><div class='av-masonry-image-container' style=\"background-image: url(https:\/\/tienganhdehoc.com\/wp-content\/uploads\/2012\/08\/anhdaidientin2-705x470.jpg);\" ><\/div><\/div><figcaption class='av-inner-masonry-content site-background'><div class='av-inner-masonry-content-pos'><div class='av-inner-masonry-content-pos-content'><div class='avia-arrow'><\/div><h3 class='av-masonry-entry-title entry-title '  itemprop=\"headline\" >Chi\u1ebfn l\u01b0\u1ee3c doanh nghi\u1ec7p trong c\u00f4ng cu\u1ed9c t\u00e1i l\u1eadp h\u00ecnh \u1ea3nh cho giai \u0111o\u1ea1n b\u00ecnh th\u01b0\u1eddng m\u1edbi<\/h3><div class='av-masonry-entry-content entry-content'  itemprop=\"text\" >B\u00e0i d\u1ecbch c\u1ee7a Mr. \u0110\u1ee9c L\u00ea<\/div><span class=\"av-masonry-text-sep text-sep-author\">\/<\/span><span class='av-masonry-author meta-color author'><span class='fn'>by admin<\/span><\/span><\/div><\/div><\/figcaption><\/figure><\/a><!--end av-masonry entry--><a href=\"https:\/\/tienganhdehoc.com\/?p=79\"  id='av-masonry-1-item-79' data-av-masonry-item='79' class='av-masonry-entry isotope-item post-79 post type-post status-publish format-gallery has-post-thumbnail hentry category-truyen-dich post_format-post-format-gallery all_sort truyen-dich_sort  av-masonry-item-with-image av-grid-img' title=\"M\u1ed9t ng\u00e0y \u1edf nh\u00e0 m\u00e1y\"   itemscope=\"itemscope\" itemtype=\"https:\/\/schema.org\/CreativeWork\" ><div class='av-inner-masonry-sizer'><\/div><figure class='av-inner-masonry main_color'><div class=\"av-masonry-outerimage-container\"><div class='av-masonry-image-container' style=\"background-image: url(https:\/\/tienganhdehoc.com\/wp-content\/uploads\/2013\/01\/anhdaidien3-705x470.jpg);\" ><\/div><\/div><figcaption class='av-inner-masonry-content site-background'><div class='av-inner-masonry-content-pos'><div class='av-inner-masonry-content-pos-content'><div class='avia-arrow'><\/div><h3 class='av-masonry-entry-title entry-title '  itemprop=\"headline\" >M\u1ed9t ng\u00e0y \u1edf nh\u00e0 m\u00e1y<\/h3><div class='av-masonry-entry-content entry-content'  itemprop=\"text\" >B\u00e0i d\u1ecbch c\u1ee7a Mr. \u0110\u1ee9c L\u00ea<\/div><span class=\"av-masonry-text-sep text-sep-author\">\/<\/span><span class='av-masonry-author meta-color author'><span class='fn'>by admin<\/span><\/span><\/div><\/div><\/figcaption><\/figure><\/a><!--end av-masonry entry--><a href=\"https:\/\/tienganhdehoc.com\/?p=55\"  id='av-masonry-1-item-55' data-av-masonry-item='55' class='av-masonry-entry isotope-item post-55 post type-post status-publish format-standard has-post-thumbnail hentry category-truyen-dich all_sort truyen-dich_sort  av-masonry-item-with-image av-grid-img' title=\"M\u1ee9c \u0111\u1ed9 h\u00e0o ph\u00f3ng c\u1ee7a ng\u01b0\u1eddi gi\u00e0u \u1edf M\u1ef9 \u2013 M\u1ed9t mi\u1ebfng khi \u0111\u00f3i b\u1eb1ng m\u1ed9t g\u00f3i khi no!\"   itemscope=\"itemscope\" itemtype=\"https:\/\/schema.org\/CreativeWork\" ><div class='av-inner-masonry-sizer'><\/div><figure class='av-inner-masonry main_color'><div class=\"av-masonry-outerimage-container\"><div class='av-masonry-image-container' style=\"background-image: url(https:\/\/tienganhdehoc.com\/wp-content\/uploads\/2012\/05\/anhdaidientin1-705x470.jpg);\" ><\/div><\/div><figcaption class='av-inner-masonry-content site-background'><div class='av-inner-masonry-content-pos'><div class='av-inner-masonry-content-pos-content'><div class='avia-arrow'><\/div><h3 class='av-masonry-entry-title entry-title '  itemprop=\"headline\" >M\u1ee9c \u0111\u1ed9 h\u00e0o ph\u00f3ng c\u1ee7a ng\u01b0\u1eddi gi\u00e0u \u1edf M\u1ef9 \u2013 M\u1ed9t mi\u1ebfng khi \u0111\u00f3i b\u1eb1ng m\u1ed9t g\u00f3i khi no!<\/h3><div class='av-masonry-entry-content entry-content'  itemprop=\"text\" >B\u00e0i d\u1ecbch c\u1ee7a Mr. \u0110\u1ee9c L\u00ea<\/div><span class=\"av-masonry-text-sep text-sep-author\">\/<\/span><span class='av-masonry-author meta-color author'><span class='fn'>by admin<\/span><\/span><\/div><\/div><\/figcaption><\/figure><\/a><!--end av-masonry entry--><\/div><\/div>\n","protected":false},"excerpt":{"rendered":"","protected":false},"author":1,"featured_media":0,"parent":0,"menu_order":0,"comment_status":"open","ping_status":"closed","template":"","meta":{"footnotes":""},"class_list":["post-490","page","type-page","status-publish","hentry"],"_links":{"self":[{"href":"https:\/\/tienganhdehoc.com\/index.php?rest_route=\/wp\/v2\/pages\/490","targetHints":{"allow":["GET"]}}],"collection":[{"href":"https:\/\/tienganhdehoc.com\/index.php?rest_route=\/wp\/v2\/pages"}],"about":[{"href":"https:\/\/tienganhdehoc.com\/index.php?rest_route=\/wp\/v2\/types\/page"}],"author":[{"embeddable":true,"href":"https:\/\/tienganhdehoc.com\/index.php?rest_route=\/wp\/v2\/users\/1"}],"replies":[{"embeddable":true,"href":"https:\/\/tienganhdehoc.com\/index.php?rest_route=%2Fwp%2Fv2%2Fcomments&post=490"}],"version-history":[{"count":6,"href":"https:\/\/tienganhdehoc.com\/index.php?rest_route=\/wp\/v2\/pages\/490\/revisions"}],"predecessor-version":[{"id":672,"href":"https:\/\/tienganhdehoc.com\/index.php?rest_route=\/wp\/v2\/pages\/490\/revisions\/672"}],"wp:attachment":[{"href":"https:\/\/tienganhdehoc.com\/index.php?rest_route=%2Fwp%2Fv2%2Fmedia&parent=490"}],"curies":[{"name":"wp","href":"https:\/\/api.w.org\/{rel}","templated":true}]}}